ghest common factor of 427 and 183039955?
427
Calculate the highest common factor of 1747908 and 1311.
69
Calculate the highest common factor of 16044 and 1145084346.
8022
Calculate the highest common divisor of 720346929 and 157.
157
What is the highest common factor of 158478 and 582306?
366
Calculate the greatest common divisor of 1484470 and 219336.
494
Calculate the highest common divisor of 21748216 and 188.
188
What is the greatest common factor of 349 and 197625089?
349
What is the highest common factor of 67716 and 5400522?
342
Calculate the greatest common factor of 1489581 and 21375.
171
Calculate the highest common divisor of 1204 and 5147788.
172
Calculate the greatest common factor of 1910124 and 23280.
1164
What is the greatest common divisor of 81697 and 177434213?
11671
Calculate the highest common factor of 244 and 27349411.
61
Calculate the highest common factor of 5236 and 508708.
68
Calculate the greatest common factor of 16148407 and 737.
737
Calculate the highest common factor of 18563 and 8577083.
977
Calculate the highest common divisor of 26972913 and 92796.
627
What is the greatest common factor of 22402 and 4437?
1
What is the greatest common divisor of 7425 and 882825?
75
What is the highest common divisor of 536526 and 385974?
738
Calculate the highest common divisor of 442288312 and 2336.
584
What is the highest common factor of 101834514 and 33552?
4194
What is the highest common divisor of 1667600 and 70752?
176
What is the greatest common factor of 13013430 and 390?
30
Calculate the highest common divisor of 24 and 9888510.
6
Calculate the greatest common factor of 57 and 100741876.
19
Calculate the highest common factor of 179546311 and 3862.
1931
Calculate the greatest common factor of 19774307 and 57.
19
Calculate the highest common factor of 54600 and 262675.
175
What is the greatest common factor of 159803914 and 908?
454
Calculate the greatest common factor of 952286555 and 5795.
5795
Calculate the greatest common divisor of 114 and 380096349.
57
What is the highest common factor of 1396368 and 1104?
48
What is the greatest common divisor of 8660480 and 128?
128
What is the highest common divisor of 1679049 and 10910?
1091
Calculate the greatest common divisor of 64056 and 807.
3
What is the highest common factor of 69530 and 18710?
10
What is the highest common factor of 36927 and 1889613?
99
What is the greatest common factor of 86677131 and 10356?
2589
Calculate the highest common factor of 3589 and 273763.
37
What is the greatest common divisor of 25632638 and 148?
74
Calculate the highest common factor of 76822 and 668891.
71
Calculate the greatest common factor of 33231 and 7815327.
3021
What is the highest common factor of 754 and 42124762?
58
Calculate the greatest common factor of 7712 and 8224.
32
Calculate the highest common divisor of 6158 and 33527231.
3079
What is the highest common factor of 47600432 and 83490?
5566
What is the greatest common divisor of 1765223 and 7613?
331
Calculate the highest common divisor of 5907 and 5511.
33
What is the greatest common factor of 105245 and 12810595?
1085
What is the highest common divisor of 110922227 and 2041?
2041
What is the greatest common factor of 31607993 and 142?
71
What is the highest common divisor of 109300620 and 1815?
165
What is the highest common factor of 1436898 and 852?
426
Calculate the greatest common divisor of 6264420 and 1.
1
What is the highest common factor of 718384 and 295?
59
Calculate the greatest common divisor of 8899570 and 4430.
10
Calculate the greatest common factor of 5381733 and 1827.
609
What is the highest common divisor of 299966 and 138?
46
Calculate the highest common factor of 109594 and 30599.
37
Calculate the greatest common divisor of 2380896 and 211399.
1181
Calculate the greatest common divisor of 7160 and 1112.
8
What is the greatest common factor of 161767155 and 53295?
2805
What is the greatest common divisor of 8211 and 24784179?
483
What is the highest common divisor of 2013 and 165027?
3
Calculate the greatest common divisor of 76 and 266836152.
76
What is the highest common factor of 49864 and 3794?
542
Calculate the greatest common factor of 404875 and 179785.
205
Calculate the highest common factor of 257080 and 580.
20
Calculate the greatest common divisor of 39 and 24496849.
13
What is the highest common divisor of 36 and 176862604?
4
Calculate the highest common divisor of 1196908 and 101324.
292
What is the greatest common factor of 7220478 and 34?
34
What is the greatest common divisor of 1468 and 124724?
4
What is the highest common factor of 152712 and 1341179?
707
Calculate the highest common divisor of 6064 and 53336.
8
Calculate the greatest common factor of 1253525 and 242725.
3325
What is the highest common divisor of 1861857 and 50940?
2547
What is the greatest common divisor of 693289575 and 198?
99
What is the greatest common factor of 30515 and 6999835?
85
What is the greatest common factor of 396 and 145256184?
36
Calculate the highest common factor of 34003920 and 3420.
1140
What is the greatest common divisor of 9574164 and 63783?
3357
What is the highest common divisor of 392 and 41079346?
98
Calculate the greatest common divisor of 4635688 and 472.
8
What is the highest common divisor of 11074878 and 36?
18
What is the highest common divisor of 4136519 and 6478?
79
Calculate the greatest common factor of 523586 and 506898.
2086
What is the highest common divisor of 27873 and 50103?
171
Calculate the highest common divisor of 92009178 and 93.
93
What is the highest common factor of 496 and 3352309?
31
What is the greatest common divisor of 1718656 and 11474992?
7408
What is the greatest common divisor of 2540 and 192319021?
127
Calculate the highest common factor of 12736812 and 13959.
1551
Calculate the greatest common factor of 22362 and 14404855.
3727
Calculate the highest common divisor of 260 and 17319055.
65
Calculate the greatest common factor of 1712557 and 2849.
77
What is the highest common factor of 1798 and 1805117383?
899
Calculate the highest common factor of 5604 and 9855568.
1868
Calculate the highest common factor of 2478489 and 8552193.
4017
Calculate the greatest common divisor of 24457137 and 3.
3
What is the highest common divisor of 15 and 4486089?
3
Calculate the greatest common factor of 186703 and 1053869.
1543
What is the highest common factor of 27525878 and 67?
67
What is the greatest common factor of 5457820 and 2680?
1340
Calculate the greatest common divisor of 4199 and 7418018.
323
Calculate the highest common factor of 605097 and 900747.
1971
What is the greatest common divisor of 152207 and 544390?
1111
Calculate the highest common factor of 252 and 112287.
21
Calculate the greatest common factor of 11 and 3031655.
11
Calculate the highest common factor of 155 and 1308479.
31
Calculate the highest common divisor of 657472 and 128.
64
What is the greatest common factor of 105 and 658007055?
15
Calculate the greatest common divisor of 207690 and 8510.
230
Calculate the greatest common divisor of 45 and 106117632.
9
What is the highest common divisor of 109820295 and 13?
13
What is the greatest common factor of 145881 and 28512?
81
What is the greatest common divisor of 4806 and 2872206?
54
What is the highest common divisor of 712876 and 4216?
124
Calculate the highest common divisor of 150 and 473610675.
75
What is the highest common factor of 58542 and 23322778?
1774
Calculate the greatest common divisor of 7387830 and 585.
45
Calculate the greatest common divisor of 5054835 and 15.
15
What is the highest common divisor of 109647992 and 552?
184
Calculate the greatest common factor of 29172093 and 10458.
249
What is the highest common factor of 40105379 and 346?
173
Calculate the highest common divisor of 440405 and 2135.
35
Calculate the highest common factor of 50 and 500151625.
25
Calculate the highest common factor of 2016387 and 4653.
9
Calculate the greatest common divisor of 64 and 73016992.
32
Calculate the greatest common divisor of 677924 and 52.
52
Calculate the highest common divisor of 7328464 and 61776.
2288
What is the highest common divisor of 2910 and 856704?
582
What is the greatest common factor of 95409495 and 18?
